9?
9
What is the greatest common divisor of 222 and 1241535?
111
Calculate the greatest common factor of 33 and 4821.
3
What is the highest common divisor of 6024 and 648?
24
What is the highest common factor of 14204 and 3216?
268
Calculate the greatest common factor of 10578 and 4128.
258
What is the greatest common factor of 24062 and 4994?
454
Calculate the highest common divisor of 8400 and 15900.
300
Calculate the greatest common factor of 6767 and 7236.
67
What is the greatest common divisor of 862444 and 33?
11
Calculate the greatest common factor of 18820 and 110.
10
What is the highest common factor of 72 and 190368?
72
What is the highest common divisor of 3008080 and 80?
80
What is the highest common divisor of 14075 and 175?
25
What is the highest common divisor of 3404 and 4144?
148
What is the greatest common factor of 774378 and 36?
18
Calculate the greatest common factor of 16 and 23252.
4
Calculate the greatest common factor of 105 and 2164218.
21
What is the greatest common factor of 161 and 710677?
23
What is the greatest common factor of 2 and 54670?
2
Calculate the greatest common factor of 90 and 7872.
6
What is the highest common divisor of 5225 and 469205?
1045
What is the highest common factor of 661052 and 196?
28
Calculate the greatest common divisor of 447 and 3661824.
447
What is the greatest common divisor of 765 and 1665?
45
Calculate the greatest common factor of 136 and 384.
8
What is the greatest common factor of 502778 and 524?
262
What is the highest common divisor of 158263 and 161?
161
What is the greatest common divisor of 76590 and 270?
90
What is the highest common factor of 1053 and 83889?
351
What is the greatest common divisor of 3155650 and 20?
10
What is the greatest common divisor of 65032 and 739?
739
Calculate the highest common divisor of 63 and 16515.
9
What is the highest common factor of 151620 and 1120?
140
What is the greatest common divisor of 377303 and 307?
307
Calculate the greatest common divisor of 200 and 27400.
200
Calculate the greatest common divisor of 2805660 and 270.
90
Calculate the greatest common factor of 834 and 147201.
417
What is the highest common divisor of 44320 and 1?
1
Calculate the highest common factor of 19 and 150081.
19
Calculate the highest common divisor of 2494 and 69368.
58
What is the highest common factor of 113 and 87349?
113
Calculate the highest common divisor of 1344 and 11904.
192
What is the greatest common divisor of 11856 and 7306?
26
Calculate the highest common divisor of 35 and 12865.
5
Calculate the highest common divisor of 256896 and 192.
192
Calculate the greatest common divisor of 376 and 3592.
8
Calculate the greatest common divisor of 153 and 994500.
153
Calculate the greatest common divisor of 456 and 19608.
456
What is the greatest common divisor of 600 and 300?
300
Calculate the greatest common divisor of 2691 and 25714.
299
What is the greatest common factor of 2875487 and 3958?
1979
Calculate the greatest common divisor of 154 and 76846.
154
Calculate the greatest common factor of 544 and 206414.
34
Calculate the greatest common factor of 172985 and 203.
29
Calculate the highest common factor of 11832 and 21624.
408
Calculate the highest common divisor of 88566 and 12876.
174
What is the greatest common divisor of 21631 and 9797?
97
What is the greatest common divisor of 3800 and 3971?
19
What is the greatest common factor of 8 and 997624?
8
Calculate the greatest common factor of 3248 and 784.
112
What is the greatest common divisor of 517715 and 110?
55
Calculate the highest common divisor of 23034 and 66.
66
Calculate the highest common divisor of 48710 and 110.
10
What is the greatest common factor of 329 and 113505?
329
What is the greatest common divisor of 17219 and 1541?
67
What is the greatest common divisor of 47261 and 334?
167
What is the greatest common factor of 36049 and 9776?
611
What is the greatest common divisor of 95115 and 60?
15
What is the highest common factor of 3563 and 2036?
509
What is the greatest common divisor of 69 and 17709?
3
Calculate the highest common factor of 12250 and 8722.
98
Calculate the greatest common divisor of 14072 and 24.
8
What is the greatest common divisor of 111124 and 3328?
52
What is the greatest common divisor of 11118 and 1674?
6
Calculate the greatest common factor of 37076 and 767.
13
What is the highest common factor of 590 and 375830?
590
Calculate the greatest common divisor of 8342 and 7178.
194
What is the highest common divisor of 1368 and 774?
18
Calculate the greatest common factor of 52 and 86086.
26
What is the highest common divisor of 37099 and 8303?
23
Calculate the highest common factor of 559 and 5898568.
559
What is the highest common factor of 39 and 56186?
13
Calculate the greatest common factor of 280 and 703815.
35
Calculate the greatest common factor of 31928 and 4576.
104
Calculate the highest common factor of 510 and 12885.
15
Calculate the highest common divisor of 500 and 31375.
125
Calculate the highest common factor of 25584 and 39.
39
Calculate the highest common factor of 45 and 11100.
15
Calculate the greatest common factor of 66426 and 24.
6
Calculate the greatest common factor of 22842 and 30033.
423
Calculate the greatest common factor of 52093 and 17518.
461
Calculate the highest common divisor of 882296 and 29.
29
Calculate the greatest common factor of 43343 and 623.
89
Calculate the greatest common divisor of 228348 and 36.
36
Calculate the highest common divisor of 645 and 271545.
645
Calculate the highest common factor of 252 and 70980.
84
What is the highest common factor of 364 and 673036?
364
Calculate the highest common factor of 60977 and 279.
31
Calculate the greatest common factor of 451 and 104550.
41
What is the greatest common divisor of 6494 and 238?
34
What is the highest common factor of 23519020 and 35?
35
Calculate the greatest common divisor of 3115 and 156373.
623
Calculate the greatest common factor of 52 and 229060.
52
What is the highest common factor of 33064 and 40?
8
What is the greatest common factor of 37148 and 444?
148
Calculate the greatest common divisor of 6896 and 435741.
431
Calculate the greatest common factor of 19482 and 114.
6
What is the highest common factor of 2583726 and 29?
29
What is the greatest common factor of 328128 and 8?
8
What is the greatest common divisor of 130750 and 5375?
125
Calculate the highest common divisor of 86940 and 45.
45
Calculate the greatest common factor of 216558 and 27189.
477
What is the highest common factor of 64 and 27436?
4
What is the highest common factor of 7896010 and 620?
310
What is the highest common factor of 52 and 451412?
52
What is the greatest common divisor of 24 and 6835404?
12
Calculate the highest common divisor of 7566 and 312.
78
What is the highest common divisor of 232 and 17516?
116
What is the highest common factor of 420 and 172480?
140
What is the greatest common factor of 39 and 490386?
39
Calculate the highest common factor of 7626 and 14787.
93
Calculate the highest common divisor of 896 and 1121344.
448
Calculate the highest common divisor of 6121644 and 6.
6
What is the highest common factor of 107220 and 680?
20
What is the greatest common factor of 1162 and 6723?
83
Calculate the greatest common divisor of 1363089 and 78.
39
What is the highest common divisor of 36 and 98622?
18
What is the highest common divisor of 10 and 77230?
10
Calculate the highest common factor of 401128 and 377.
377
Calculate the greatest common divisor of 16808 and 2596.
44
What is the greatest common divisor of 640 and 540?
20
Calculate the highest common factor of 568 and 5538.
142
What is the highest common divisor of 1608780 and 60?
60
What is the highest common factor of 55062 and 10647?
63
Calculate the greatest common divisor of 7735 and 490.
35
Calculate the greatest common factor of 71161 and 2.
1
What is the highest common divisor of 338 and 364533?
169
Calculate the greatest common factor of 282 and 37318.
94
What is the highest common divisor of 476 and 408?
68
Calculate the greatest common factor of 268 and 291584.
268
What is the highest common factor of 1492 and 22?
2
Calculate the greatest common factor of 1188 and 1081620.
108
Calcul